470?
185
What is the highest common divisor of 5 and 19785?
5
Calculate the greatest common factor of 51 and 1207.
17
Calculate the greatest common factor of 141 and 3.
3
What is the greatest common divisor of 28 and 140?
28
Calculate the highest common divisor of 18 and 99.
9
What is the highest common factor of 48 and 1536?
48
What is the highest common divisor of 1 and 1375?
1
Calculate the highest common factor of 230 and 25.
5
Calculate the greatest common factor of 841 and 87.
29
What is the highest common factor of 1105 and 850?
85
What is the greatest common divisor of 99 and 1067?
11
Calculate the greatest common divisor of 320 and 460.
20
Calculate the greatest common factor of 9812 and 44.
44
What is the highest common factor of 10 and 80?
10
What is the highest common factor of 11201 and 161?
23
Calculate the highest common divisor of 26 and 871.
13
What is the greatest common factor of 52 and 4?
4
What is the greatest common factor of 1296 and 6264?
216
What is the greatest common factor of 27 and 1764?
9
What is the greatest common divisor of 527 and 62?
31
Calculate the highest common divisor of 164 and 1394.
82
Calculate the highest common divisor of 5 and 35265.
5
What is the greatest common factor of 793 and 13?
13
Calculate the highest common divisor of 13 and 221.
13
Calculate the highest common divisor of 3 and 15.
3
Calculate the greatest common divisor of 49 and 147.
49
Calculate the highest common factor of 451 and 41.
41
What is the greatest common factor of 39 and 9?
3
What is the highest common divisor of 272 and 16?
16
Calculate the greatest common factor of 32 and 176.
16
What is the highest common divisor of 147 and 21?
21
What is the greatest common factor of 165 and 570?
15
Calculate the highest common divisor of 588 and 98.
98
Calculate the highest common divisor of 110 and 22.
22
Calculate the greatest common factor of 210 and 2640.
30
What is the greatest common divisor of 37 and 37?
37
Calculate the greatest common divisor of 207 and 46.
23
What is the highest common divisor of 420 and 14490?
210
What is the greatest common divisor of 2329 and 34?
17
What is the highest common divisor of 305 and 1403?
61
Calculate the greatest common factor of 22 and 341.
11
What is the greatest common factor of 15 and 645?
15
What is the highest common divisor of 124 and 31?
31
What is the greatest common divisor of 8508 and 60?
12
What is the greatest common factor of 425 and 25?
25
What is the highest common divisor of 50 and 27850?
50
Calculate the greatest common divisor of 1614 and 12.
6
What is the highest common factor of 456 and 1976?
152
What is the greatest common divisor of 370 and 190?
10
What is the greatest common factor of 40 and 40?
40
What is the highest common factor of 72 and 18?
18
What is the highest common divisor of 51 and 7701?
51
Calculate the greatest common factor of 22667 and 57.
19
What is the greatest common divisor of 27 and 21?
3
Calculate the highest common divisor of 476 and 28.
28
Calculate the greatest common factor of 1495 and 460.
115
What is the highest common divisor of 34 and 68?
34
What is the highest common divisor of 1837 and 1336?
167
What is the greatest common factor of 4104 and 152?
152
What is the greatest common divisor of 13 and 3341?
13
What is the highest common divisor of 24 and 66?
6
Calculate the greatest common divisor of 480 and 1010.
10
What is the greatest common factor of 3741 and 174?
87
What is the highest common factor of 3789 and 18?
9
What is the greatest common divisor of 248 and 31?
31
What is the highest common factor of 9559 and 474?
79
Calculate the greatest common divisor of 462 and 84.
42
What is the highest common factor of 228 and 57?
57
What is the highest common divisor of 48 and 6?
6
What is the highest common factor of 1206 and 198?
18
What is the greatest common factor of 140 and 3780?
140
What is the highest common factor of 234 and 18?
18
Calculate the greatest common factor of 63 and 99.
9
What is the highest common divisor of 1939 and 1662?
277
What is the greatest common divisor of 260 and 740?
20
Calculate the greatest common divisor of 992 and 32.
32
Calculate the greatest common factor of 810 and 4212.
162
Calculate the greatest common divisor of 32 and 1024.
32
Calculate the greatest common divisor of 2560 and 40.
40
What is the greatest common divisor of 15732 and 368?
92
Calculate the greatest common factor of 4 and 48.
4
What is the highest common factor of 13152 and 96?
96
Calculate the greatest common factor of 12 and 100.
4
Calculate the greatest common factor of 2241 and 27.
27
Calculate the highest common factor of 2 and 22.
2
What is the highest common factor of 885 and 3009?
177
What is the greatest common divisor of 817 and 43?
43
Calculate the highest common divisor of 3038 and 392.
98
What is the highest common factor of 2781 and 27?
27
What is the highest common factor of 1155 and 795?
15
What is the greatest common factor of 1144 and 11583?
143
What is the highest common divisor of 97 and 4559?
97
Calculate the greatest common factor of 63 and 6.
3
Calculate the greatest common factor of 36 and 81.
9
What is the highest common divisor of 9600 and 75?
75
What is the greatest common divisor of 442 and 182?
26
What is the greatest common divisor of 1504 and 94?
94
Calculate the greatest common divisor of 180 and 2970.
90
Calculate the greatest common factor of 6901 and 309.
103
Calculate the greatest common factor of 96 and 312.
24
What is the greatest common divisor of 46 and 3266?
46
What is the greatest common factor of 286 and 2816?
22
What is the greatest common divisor of 323 and 209?
19
Calculate the highest common factor of 12261 and 366.
183
Calculate the greatest common factor of 5 and 98.
1
What is the greatest common divisor of 15 and 435?
15
Calculate the highest common factor of 7772 and 2144.
268
What is the greatest common factor of 361 and 38?
19
What is the highest common divisor of 95 and 323?
19
What is the greatest common factor of 236 and 2242?
118
Calculate the greatest common divisor of 19 and 1121.
19
What is the highest common factor of 7747 and 122?
61
What is the greatest common divisor of 24 and 56?
8
Calculate the greatest common factor of 17 and 1819.
17
What is the highest common factor of 364 and 1204?
28
What is the highest common factor of 38 and 323?
19
What is the greatest common divisor of 21 and 56?
7
What is the highest common divisor of 19 and 304?
19
Calculate the greatest common factor of 316 and 4.
4
What is the greatest common factor of 128 and 68?
4
Calculate the highest common factor of 1660 and 220.
20
Calculate the highest common factor of 168 and 96.
24
What is the greatest common divisor of 16967 and 47?
47
What is the highest common divisor of 65 and 15?
5
Calculate the greatest common divisor of 229 and 57479.
229
What is the highest common factor of 846 and 279?
9
Calculate the greatest common factor of 19785 and 30.
15
What is the highest common factor of 203 and 13601?
203
What is the highest common factor of 224 and 368?
16
What is the highest common factor of 46900 and 469?
469
Calculate the highest common divisor of 27 and 28.
1
Calculate the highest common divisor of 95 and 171.
19
What is the greatest common factor of 55 and 45?
5
Calculate the highest common divisor of 1265 and 165.
55
What is the greatest common factor of 1127 and 667?
23
Calculate the greatest common divisor of 119 and 2142.
119
What is the greatest common factor of 70 and 35?
35
What is the greatest common divisor of 2167 and 1182?
197
Calculate the greatest common divisor of 3346 and 14.
14
What is the highest common divisor of 425 and 170?
85
Calculate the highest common divisor of 320 and 20.
20
What is the greatest common divisor of 16125 and 50?
25
Calculate the greatest common divisor of 901 and 17.
17
Calculate the greatest common factor of 539 and 3619.
77
What is the highest common divisor of 452 and 3729?
113
Calculate the greatest common factor of 12 and 1278.
6
Calculate the highest common divisor of 1435 and 656.
41
Calculate the greatest common factor of 10 and 370.
10
Calculate the highest common factor of 5 and 55.
5
Calculate the greatest common factor of 52 and 1118.
26
C